{"id":100,"date":"2024-04-27T14:58:17","date_gmt":"2024-04-27T14:58:17","guid":{"rendered":"http:\/\/200.55.154.245\/?page_id=100"},"modified":"2024-05-03T13:29:59","modified_gmt":"2024-05-03T13:29:59","slug":"editorial","status":"publish","type":"page","link":"http:\/\/200.55.154.245\/index.php\/editorial\/","title":{"rendered":"Editorial"},"content":{"rendered":"\n<div class=\"wp-block-cover alignfull\"><span aria-hidden=\"true\" class=\"wp-block-cover__background has-nv-light-bg-background-color has-background-dim-100 has-background-dim\"><\/span><div class=\"wp-block-cover__inner-container is-layout-flow wp-block-cover-is-layout-flow\">\n<div style=\"height:70px\" aria-hidden=\"true\" class=\"wp-block-spacer\"><\/div>\n\n\n\n<div class=\"wp-block-columns alignwide is-layout-flex wp-container-core-columns-is-layout-9d6595d7 wp-block-columns-is-layout-flex\">\n<div class=\"wp-block-column is-layout-flow wp-block-column-is-layout-flow\">\n<figure class=\"wp-block-image size-full is-style-default\"><img loading=\"lazy\" decoding=\"async\" width=\"229\" height=\"316\" src=\"http:\/\/200.55.154.245\/wp-content\/uploads\/2024\/04\/varela-2.jpg\" alt=\"\" class=\"wp-image-21\" title=\"Pintura vitral de F\u00e9lix Varela en capilla cat\u00f3lica. La Habana\" srcset=\"http:\/\/200.55.154.245\/wp-content\/uploads\/2024\/04\/varela-2.jpg 229w, http:\/\/200.55.154.245\/wp-content\/uploads\/2024\/04\/varela-2-217x300.jpg 217w\" sizes=\"auto, (max-width: 229px) 100vw, 229px\" \/><\/figure>\n<\/div>\n\n\n\n<div class=\"wp-block-column is-layout-flow wp-block-column-is-layout-flow\">\n<h2 class=\"wp-block-heading has-nv-dark-bg-color has-text-color\">Historia<\/h2>\n\n\n\n<p class=\"has-neve-text-color-color has-text-color\">El Ministerio de Educaci\u00f3n Superior (MES), en el a\u00f1o 1977 crea un peque\u00f1o taller de publicaciones, adjunto a la Universidad de La Habana. El propio quehacer, la incorporaci\u00f3n sistem\u00e1tica de nuevas tecnolog\u00edas y la capacitaci\u00f3n del potencial humano propiciaron que en 1992 surgiera la Editorial Universitaria F\u00e9lix Varela y con ella el nacimiento de un sello que ha identificado la literatura docente del MES hasta nuestros d\u00edas. Posteriormente, en el 2008, como resultado de un cambio de estructura organizativa, la Editorial pasa a formar parte de la Empresa Editorial Poligr\u00e1fica F\u00e9lix Varela y comienza a diversificar sus servicios.<\/p>\n<\/div>\n\n\n\n<div class=\"wp-block-column has-nv-site-bg-background-color has-background is-layout-flow wp-block-column-is-layout-flow\" style=\"flex-basis:2px\"><\/div>\n\n\n\n<div class=\"wp-block-column is-layout-flow wp-block-column-is-layout-flow\">\n<figure class=\"wp-block-image size-full\"><img loading=\"lazy\" decoding=\"async\" width=\"533\" height=\"289\" src=\"http:\/\/200.55.154.245\/wp-content\/uploads\/2024\/04\/banner03.jpg\" alt=\"\" class=\"wp-image-19\" title=\"Monumento a F\u00e9lix Varela en La Florida\" srcset=\"http:\/\/200.55.154.245\/wp-content\/uploads\/2024\/04\/banner03.jpg 533w, http:\/\/200.55.154.245\/wp-content\/uploads\/2024\/04\/banner03-300x163.jpg 300w\" sizes=\"auto, (max-width: 533px) 100vw, 533px\" \/><\/figure>\n\n\n\n<h3 class=\"wp-block-heading has-nv-dark-bg-color has-text-color\">Biograf\u00eda<\/h3>\n\n\n\n<p class=\"has-neve-text-color-color has-text-color\">F\u00e9lix Francisco Jos\u00e9 Mar\u00eda de la Concepci\u00f3n Varela y Morales, conocido en la historia como el Padre Varela, fue profesor, escritor, fil\u00f3sofo y pol\u00edtico cubano.<br>Naci\u00f3 en La Habana el 20 de noviembre de 1788, estudi\u00f3 filosof\u00eda y teolog\u00eda en el Seminario de San Carlos y San Ambrosio y se gradu\u00f3 en la Universidad de La Habana. En 1811, ya siendo sacerdote, ocup\u00f3 la c\u00e1tedra de filosof\u00eda en dicho Seminario. <strong><em><a href=\"http:\/\/200.55.154.245\/index.php\/biografia\/\">Leer m\u00e1s<\/a><\/em><\/strong><\/p>\n<\/div>\n<\/div>\n\n\n\n<div style=\"height:47px\" aria-hidden=\"true\" class=\"wp-block-spacer\"><\/div>\n<\/div><\/div>\n\n\n\n<div class=\"wp-block-cover alignfull is-light\" style=\"min-height:160px;aspect-ratio:unset;\"><span aria-hidden=\"true\" class=\"wp-block-cover__background has-background-dim-100 has-background-dim\" style=\"background-color:#d4d4d4\"><\/span><div class=\"wp-block-cover__inner-container is-layout-flow wp-block-cover-is-layout-flow\">\n<ul class=\"wp-block-social-links has-icon-color is-style-logos-only is-content-justification-center is-layout-flex wp-container-core-social-links-is-layout-16018d1d wp-block-social-links-is-layout-flex\">\n\n\n\n<li style=\"color:var(--nv-primary-accent);\" class=\"wp-social-link wp-social-link-instagram has-neve-link-color-color wp-block-social-link\"><a href=\"https:\/\/www.instagram.com\/editorialfelixvarela\" class=\"wp-block-social-link-anchor\"><svg width=\"24\" height=\"24\" viewBox=\"0 0 24 24\" version=\"1.1\" xmlns=\"http:\/\/www.w3.org\/2000\/svg\" aria-hidden=\"true\" focusable=\"false\"><path d=\"M12,4.622c2.403,0,2.688,0.009,3.637,0.052c0.877,0.04,1.354,0.187,1.671,0.31c0.42,0.163,0.72,0.358,1.035,0.673 c0.315,0.315,0.51,0.615,0.673,1.035c0.123,0.317,0.27,0.794,0.31,1.671c0.043,0.949,0.052,1.234,0.052,3.637 s-0.009,2.688-0.052,3.637c-0.04,0.877-0.187,1.354-0.31,1.671c-0.163,0.42-0.358,0.72-0.673,1.035 c-0.315,0.315-0.615,0.51-1.035,0.673c-0.317,0.123-0.794,0.27-1.671,0.31c-0.949,0.043-1.233,0.052-3.637,0.052 s-2.688-0.009-3.637-0.052c-0.877-0.04-1.354-0.187-1.671-0.31c-0.42-0.163-0.72-0.358-1.035-0.673 c-0.315-0.315-0.51-0.615-0.673-1.035c-0.123-0.317-0.27-0.794-0.31-1.671C4.631,14.688,4.622,14.403,4.622,12 s0.009-2.688,0.052-3.637c0.04-0.877,0.187-1.354,0.31-1.671c0.163-0.42,0.358-0.72,0.673-1.035 c0.315-0.315,0.615-0.51,1.035-0.673c0.317-0.123,0.794-0.27,1.671-0.31C9.312,4.631,9.597,4.622,12,4.622 M12,3 C9.556,3,9.249,3.01,8.289,3.054C7.331,3.098,6.677,3.25,6.105,3.472C5.513,3.702,5.011,4.01,4.511,4.511 c-0.5,0.5-0.808,1.002-1.038,1.594C3.25,6.677,3.098,7.331,3.054,8.289C3.01,9.249,3,9.556,3,12c0,2.444,0.01,2.751,0.054,3.711 c0.044,0.958,0.196,1.612,0.418,2.185c0.23,0.592,0.538,1.094,1.038,1.594c0.5,0.5,1.002,0.808,1.594,1.038 c0.572,0.222,1.227,0.375,2.185,0.418C9.249,20.99,9.556,21,12,21s2.751-0.01,3.711-0.054c0.958-0.044,1.612-0.196,2.185-0.418 c0.592-0.23,1.094-0.538,1.594-1.038c0.5-0.5,0.808-1.002,1.038-1.594c0.222-0.572,0.375-1.227,0.418-2.185 C20.99,14.751,21,14.444,21,12s-0.01-2.751-0.054-3.711c-0.044-0.958-0.196-1.612-0.418-2.185c-0.23-0.592-0.538-1.094-1.038-1.594 c-0.5-0.5-1.002-0.808-1.594-1.038c-0.572-0.222-1.227-0.375-2.185-0.418C14.751,3.01,14.444,3,12,3L12,3z M12,7.378 c-2.552,0-4.622,2.069-4.622,4.622S9.448,16.622,12,16.622s4.622-2.069,4.622-4.622S14.552,7.378,12,7.378z M12,15 c-1.657,0-3-1.343-3-3s1.343-3,3-3s3,1.343,3,3S13.657,15,12,15z M16.804,6.116c-0.596,0-1.08,0.484-1.08,1.08 s0.484,1.08,1.08,1.08c0.596,0,1.08-0.484,1.08-1.08S17.401,6.116,16.804,6.116z\"><\/path><\/svg><span class=\"wp-block-social-link-label screen-reader-text\">Instagram<\/span><\/a><\/li>\n\n<li style=\"color:var(--nv-primary-accent);\" class=\"wp-social-link wp-social-link-facebook has-neve-link-color-color wp-block-social-link\"><a href=\"https:\/\/www.facebook.com\/@EditorialUniversitariaFelixVarela\" class=\"wp-block-social-link-anchor\"><svg width=\"24\" height=\"24\" viewBox=\"0 0 24 24\" version=\"1.1\" xmlns=\"http:\/\/www.w3.org\/2000\/svg\" aria-hidden=\"true\" focusable=\"false\"><path d=\"M12 2C6.5 2 2 6.5 2 12c0 5 3.7 9.1 8.4 9.9v-7H7.9V12h2.5V9.8c0-2.5 1.5-3.9 3.8-3.9 1.1 0 2.2.2 2.2.2v2.5h-1.3c-1.2 0-1.6.8-1.6 1.6V12h2.8l-.4 2.9h-2.3v7C18.3 21.1 22 17 22 12c0-5.5-4.5-10-10-10z\"><\/path><\/svg><span class=\"wp-block-social-link-label screen-reader-text\">Facebook<\/span><\/a><\/li><\/ul>\n\n\n\n<p class=\"has-text-align-center has-background\" style=\"background-color:#d4d4d4\">\u00a9 EEPFV 2024. Calle A, N\u00ba 703 e\/ Zapata y Calle 29, Plaza de la Revoluci\u00f3n, La Habana Cuba.<\/p>\n\n\n\n<div class=\"wp-block-buttons is-content-justification-right is-layout-flex wp-container-core-buttons-is-layout-765c4724 wp-block-buttons-is-layout-flex\">\n<div class=\"wp-block-button has-custom-font-size has-small-font-size\"><a class=\"wp-block-button__link wp-element-button\" href=\"#\" style=\"border-top-left-radius:20px;border-top-right-radius:0px;border-bottom-left-radius:20px;border-bottom-right-radius:20px\">Subir<\/a><\/div>\n<\/div>\n<\/div><\/div>\n","protected":false},"excerpt":{"rendered":"","protected":false},"author":1,"featured_media":0,"parent":0,"menu_order":0,"comment_status":"closed","ping_status":"closed","template":"","meta":{"neve_meta_sidebar":"","neve_meta_container":"","neve_meta_enable_content_width":"","neve_meta_content_width":0,"neve_meta_title_alignment":"","neve_meta_author_avatar":"","neve_post_elements_order":"","neve_meta_disable_header":"","neve_meta_disable_footer":"on","neve_meta_disable_title":"on","_joinchat":[],"footnotes":""},"class_list":["post-100","page","type-page","status-publish","hentry"],"_links":{"self":[{"href":"http:\/\/200.55.154.245\/index.php\/wp-json\/wp\/v2\/pages\/100","targetHints":{"allow":["GET"]}}],"collection":[{"href":"http:\/\/200.55.154.245\/index.php\/wp-json\/wp\/v2\/pages"}],"about":[{"href":"http:\/\/200.55.154.245\/index.php\/wp-json\/wp\/v2\/types\/page"}],"author":[{"embeddable":true,"href":"http:\/\/200.55.154.245\/index.php\/wp-json\/wp\/v2\/users\/1"}],"replies":[{"embeddable":true,"href":"http:\/\/200.55.154.245\/index.php\/wp-json\/wp\/v2\/comments?post=100"}],"version-history":[{"count":9,"href":"http:\/\/200.55.154.245\/index.php\/wp-json\/wp\/v2\/pages\/100\/revisions"}],"predecessor-version":[{"id":251,"href":"http:\/\/200.55.154.245\/index.php\/wp-json\/wp\/v2\/pages\/100\/revisions\/251"}],"wp:attachment":[{"href":"http:\/\/200.55.154.245\/index.php\/wp-json\/wp\/v2\/media?parent=100"}],"curies":[{"name":"wp","href":"https:\/\/api.w.org\/{rel}","templated":true}]}}

<div class="wp-block-cover alignfull"><span aria-hidden="true" class="wp-block-cover__background has-nv-light-bg-background-color has-background-dim-100 has-background-dim"></span><div class="wp-block-cover__inner-container is-layout-flow wp-block-cover-is-layout-flow">
<div style="height:70px" aria-hidden="true" class="wp-block-spacer"></div>



<div class="wp-block-columns alignwide is-layout-flex wp-container-core-columns-is-layout-9d6595d7 wp-block-columns-is-layout-flex">
<div class="wp-block-column is-layout-flow wp-block-column-is-layout-flow">
<figure class="wp-block-image size-full is-style-default"><img loading="lazy" decoding="async" width="229" height="316" src="http://200.55.154.245/wp-content/uploads/2024/04/varela-2.jpg" alt="" class="wp-image-21" title="Pintura vitral de Félix Varela en capilla católica. La Habana" srcset="http://200.55.154.245/wp-content/uploads/2024/04/varela-2.jpg 229w, http://200.55.154.245/wp-content/uploads/2024/04/varela-2-217x300.jpg 217w" sizes="auto, (max-width: 229px) 100vw, 229px" /></figure>
</div>



<div class="wp-block-column is-layout-flow wp-block-column-is-layout-flow">
<h2 class="wp-block-heading has-nv-dark-bg-color has-text-color">Historia</h2>



<p class="has-neve-text-color-color has-text-color">El Ministerio de Educación Superior (MES), en el año 1977 crea un pequeño taller de publicaciones, adjunto a la Universidad de La Habana. El propio quehacer, la incorporación sistemática de nuevas tecnologías y la capacitación del potencial humano propiciaron que en 1992 surgiera la Editorial Universitaria Félix Varela y con ella el nacimiento de un sello que ha identificado la literatura docente del MES hasta nuestros días. Posteriormente, en el 2008, como resultado de un cambio de estructura organizativa, la Editorial pasa a formar parte de la Empresa Editorial Poligráfica Félix Varela y comienza a diversificar sus servicios.</p>
</div>



<div class="wp-block-column has-nv-site-bg-background-color has-background is-layout-flow wp-block-column-is-layout-flow" style="flex-basis:2px"></div>



<div class="wp-block-column is-layout-flow wp-block-column-is-layout-flow">
<figure class="wp-block-image size-full"><img loading="lazy" decoding="async" width="533" height="289" src="http://200.55.154.245/wp-content/uploads/2024/04/banner03.jpg" alt="" class="wp-image-19" title="Monumento a Félix Varela en La Florida" srcset="http://200.55.154.245/wp-content/uploads/2024/04/banner03.jpg 533w, http://200.55.154.245/wp-content/uploads/2024/04/banner03-300x163.jpg 300w" sizes="auto, (max-width: 533px) 100vw, 533px" /></figure>



<h3 class="wp-block-heading has-nv-dark-bg-color has-text-color">Biografía</h3>



<p class="has-neve-text-color-color has-text-color">Félix Francisco José María de la Concepción Varela y Morales, conocido en la historia como el Padre Varela, fue profesor, escritor, filósofo y político cubano.<br>Nació en La Habana el 20 de noviembre de 1788, estudió filosofía y teología en el Seminario de San Carlos y San Ambrosio y se graduó en la Universidad de La Habana. En 1811, ya siendo sacerdote, ocupó la cátedra de filosofía en dicho Seminario. <strong><em><a href="http://200.55.154.245/index.php/biografia/">Leer más</a></em></strong></p>
</div>
</div>



<div style="height:47px" aria-hidden="true" class="wp-block-spacer"></div>
</div></div>



<div class="wp-block-cover alignfull is-light" style="min-height:160px;aspect-ratio:unset;"><span aria-hidden="true" class="wp-block-cover__background has-background-dim-100 has-background-dim" style="background-color:#d4d4d4"></span><div class="wp-block-cover__inner-container is-layout-flow wp-block-cover-is-layout-flow">
<ul class="wp-block-social-links has-icon-color is-style-logos-only is-content-justification-center is-layout-flex wp-container-core-social-links-is-layout-16018d1d wp-block-social-links-is-layout-flex">



<li style="color:var(--nv-primary-accent);" class="wp-social-link wp-social-link-instagram has-neve-link-color-color wp-block-social-link"><a href="https://www.instagram.com/editorialfelixvarela" class="wp-block-social-link-anchor"><svg width="24" height="24" viewBox="0 0 24 24" version="1.1" xmlns="http://www.w3.org/2000/svg" aria-hidden="true" focusable="false"><path d="M12,4.622c2.403,0,2.688,0.009,3.637,0.052c0.877,0.04,1.354,0.187,1.671,0.31c0.42,0.163,0.72,0.358,1.035,0.673 c0.315,0.315,0.51,0.615,0.673,1.035c0.123,0.317,0.27,0.794,0.31,1.671c0.043,0.949,0.052,1.234,0.052,3.637 s-0.009,2.688-0.052,3.637c-0.04,0.877-0.187,1.354-0.31,1.671c-0.163,0.42-0.358,0.72-0.673,1.035 c-0.315,0.315-0.615,0.51-1.035,0.673c-0.317,0.123-0.794,0.27-1.671,0.31c-0.949,0.043-1.233,0.052-3.637,0.052 s-2.688-0.009-3.637-0.052c-0.877-0.04-1.354-0.187-1.671-0.31c-0.42-0.163-0.72-0.358-1.035-0.673 c-0.315-0.315-0.51-0.615-0.673-1.035c-0.123-0.317-0.27-0.794-0.31-1.671C4.631,14.688,4.622,14.403,4.622,12 s0.009-2.688,0.052-3.637c0.04-0.877,0.187-1.354,0.31-1.671c0.163-0.42,0.358-0.72,0.673-1.035 c0.315-0.315,0.615-0.51,1.035-0.673c0.317-0.123,0.794-0.27,1.671-0.31C9.312,4.631,9.597,4.622,12,4.622 M12,3 C9.556,3,9.249,3.01,8.289,3.054C7.331,3.098,6.677,3.25,6.105,3.472C5.513,3.702,5.011,4.01,4.511,4.511 c-0.5,0.5-0.808,1.002-1.038,1.594C3.25,6.677,3.098,7.331,3.054,8.289C3.01,9.249,3,9.556,3,12c0,2.444,0.01,2.751,0.054,3.711 c0.044,0.958,0.196,1.612,0.418,2.185c0.23,0.592,0.538,1.094,1.038,1.594c0.5,0.5,1.002,0.808,1.594,1.038 c0.572,0.222,1.227,0.375,2.185,0.418C9.249,20.99,9.556,21,12,21s2.751-0.01,3.711-0.054c0.958-0.044,1.612-0.196,2.185-0.418 c0.592-0.23,1.094-0.538,1.594-1.038c0.5-0.5,0.808-1.002,1.038-1.594c0.222-0.572,0.375-1.227,0.418-2.185 C20.99,14.751,21,14.444,21,12s-0.01-2.751-0.054-3.711c-0.044-0.958-0.196-1.612-0.418-2.185c-0.23-0.592-0.538-1.094-1.038-1.594 c-0.5-0.5-1.002-0.808-1.594-1.038c-0.572-0.222-1.227-0.375-2.185-0.418C14.751,3.01,14.444,3,12,3L12,3z M12,7.378 c-2.552,0-4.622,2.069-4.622,4.622S9.448,16.622,12,16.622s4.622-2.069,4.622-4.622S14.552,7.378,12,7.378z M12,15 c-1.657,0-3-1.343-3-3s1.343-3,3-3s3,1.343,3,3S13.657,15,12,15z M16.804,6.116c-0.596,0-1.08,0.484-1.08,1.08 s0.484,1.08,1.08,1.08c0.596,0,1.08-0.484,1.08-1.08S17.401,6.116,16.804,6.116z"></path></svg><span class="wp-block-social-link-label screen-reader-text">Instagram</span></a></li>

<li style="color:var(--nv-primary-accent);" class="wp-social-link wp-social-link-facebook has-neve-link-color-color wp-block-social-link"><a href="https://www.facebook.com/@EditorialUniversitariaFelixVarela" class="wp-block-social-link-anchor"><svg width="24" height="24" viewBox="0 0 24 24" version="1.1" xmlns="http://www.w3.org/2000/svg" aria-hidden="true" focusable="false"><path d="M12 2C6.5 2 2 6.5 2 12c0 5 3.7 9.1 8.4 9.9v-7H7.9V12h2.5V9.8c0-2.5 1.5-3.9 3.8-3.9 1.1 0 2.2.2 2.2.2v2.5h-1.3c-1.2 0-1.6.8-1.6 1.6V12h2.8l-.4 2.9h-2.3v7C18.3 21.1 22 17 22 12c0-5.5-4.5-10-10-10z"></path></svg><span class="wp-block-social-link-label screen-reader-text">Facebook</span></a></li></ul>



<p class="has-text-align-center has-background" style="background-color:#d4d4d4">© EEPFV 2024. Calle A, Nº 703 e/ Zapata y Calle 29, Plaza de la Revolución, La Habana Cuba.</p>



<div class="wp-block-buttons is-content-justification-right is-layout-flex wp-container-core-buttons-is-layout-765c4724 wp-block-buttons-is-layout-flex">
<div class="wp-block-button has-custom-font-size has-small-font-size"><a class="wp-block-button__link wp-element-button" href="#" style="border-top-left-radius:20px;border-top-right-radius:0px;border-bottom-left-radius:20px;border-bottom-right-radius:20px">Subir</a></div>
</div>
</div></div>
